 Calculate the remainder when 12847 is divided by c.
37
Let a = -4709 + 4717. What is the remainder when 12332 is divided by a?
4
Let k = 6 - -13. Suppose 0 = -17*c + k*c - 4. Suppose 0 = c*y + y - 222. What is the remainder when y is divided by 19?
17
Let o be 0/((-2)/8 + (-42)/24). Suppose o = 32*d - 33*d + 98. Calculate the remainder when d is divided by 34.
30
Let b(d) = 7*d**2 - 2*d - 3. What is the remainder when b(6) is divided by (5/(-1) - -1)*((-473)/44 - -7)?
12
Let n = -7 + 31. Suppose -3*q + 2 = -10, 23*u - 9*q = 26*u - 240. What is the remainder when u is divided by n?
20
Suppose 2*l + 0*i - 36 = 4*i, -5*l + i + 72 = 0. Suppose 0 = -m - 172 + 3. What is the remainder when (-2)/(-13) + (-9269)/m is divided by l?
13
Let q = -113 + 119. Suppose -11*p + q*p - 321 = -y, 4*y - 3*p = 1250. What is the remainder when y is divided by 12?
11
Suppose -7*g + 2*g = 0. Suppose -i = -4*o + 35 + 68, g = i - 1. What is the remainder when 75 is divided by o?
23
Suppose -63*p + 47*p + 6275 - 1827 = 0. What is the remainder when p is divided by 7?
5
Suppose 0*k + 3*k - c - 77 = 0, -5*k - c + 139 = 0. What is the remainder when 5 + 32 + 20 - (7 - (2 + 0)) is divided by k?
25
Suppose -70*x + 93*x + 2754 = 50*x. Calculate the remainder when 198 is divided by x.
96
Let n(h) = 6*h + 7. Let f(r) = 7*r - 103. Let a be f(15). What is the remainder when 27 is divided by n(a)?
8
What is the remainder when 10844 is divided by (87/(-4))/((-2)/(-16))*4/(-12)?
56
Let l = 159 - 88. Let k = l - -1. Calculate the remainder when k is divided by 39.
33
Suppose 5*y - 36 - 69 = 0. Suppose 0 = u + 1, 0 = 2*m + 15*u - 14*u - 663. Calculate the remainder when m is divided by y.
17
Let f = -16920 + 17035. What is the remainder when 348 is divided by f?
3
Suppose 5*k + 97 + 45 = 2*m, -4*k = -8. What is the remainder when 243 is divided by m?
15
Suppose 7*a - 3*a = -2*i - 128, -i - 60 = 3*a. Calculate the remainder when 33 is divided by 5*(i/(-30))/2.
3
Let a(l) = -l - 9. Let h be a(-14). Suppose -h*b = 4*s - 132 + 21, s = -5*b + 24. What is the remainder when 143 is divided by s?
27
Let x(o) = -35*o - 3. Let c be x(-3). Let s = -40 + c. Let v = 3344 - 3311. Calculate the remainder when s is divided by v.
29
Calculate the remainder when 167 is divided by 3/21*1 - (-1503)/63.
23
Let l be (-3)/((-2)/(-5) + (-28)/40). Suppose 2*r - 729 = 3*s, -l*s + 5*s + 371 = r. Calculate the remainder when r is divided by 23.
21
Let f(o) = -459*o - 4345. Calculate the remainder when f(-12) is divided by 237.
215
Let o be 4/(-6)*(133 - 1). Let u = 130 + o. Suppose 5*v - 53 = u. Calculate the remainder when 47 is divided by v.
9
Let x(t) = t**2 + 6*t - 13. Let u be x(-8). Suppose -2*l + u*k - 80 = -361, 2*k + 276 = 2*l. What is the remainder when l is divided by 5?
3
Let x(p) = -8*p**3 + 5*p**2 + 3*p + 5. What is the remainder when x(-4) is divided by 19?
15
Let r be -4 + (0 - -7 - 13). Calculate the remainder when 111 is divided by (-1)/(-5) - -72*(-4)/r.
24
Let f be 2/(8*2/1224). Suppose 0 = -4*y + 3*y + 4*r + f, 0 = -2*y - r + 261. Calculate the remainder when y is divided by 15.
13
Suppose 4*z - p = 12, 4*z + 5*p = 3*z - 18. Suppose z*f - 22 = -4*c, -3*c - f = -4*f - 39. What is the remainder when ((-110)/(-8))/((-2)/(-8)) is divided by c?
7
Suppose 0 = 3*p - 9. Suppose -4*k - 4*g + 152 = 0, 7*k - 6*k - 33 = -2*g. Calculate the remainder when k is divided by ((-11)/3)/((-1)/p).
10
Suppose 2*w + 2*d = -6, w + 24 = 3*w - 4*d. Suppose -2*y = w*g - 264, 4*y - 2*g + g = 553. Calculate the remainder when y is divided by 35.
32
Suppose -5*k + 3290 = -5*r, 4*k - 2*k - 656 = r. Let f = r - -722. Calculate the remainder when 175 is divided by f.
51
Suppose -3*q - 2*j + 47 = -181, 0 = q - 6*j - 56. What is the remainder when q is divided by 14?
4
Suppose -24*p - 28*p = -44*p - 3000. Calculate the remainder when p is divided by 79.
59
What is the remainder when 811 is divided by (3*-1)/((-4)/(374 + -14))?
1
Suppose -3*j = -0*j - 177. Suppose 14*i - 569 - 229 = 0. Suppose -2*u = -3*b + 88, b - u + 28 = i. What is the remainder when j is divided by b?
29
Suppose -3*j = -4*o - 816, o = -3*j + 614 + 187. Suppose 277 = 5*m - j. Calculate the remainder when m is divided by 21.
4
Let q(u) = 1222*u + 10078. What is the remainder when q(-8) is divided by 123?
56
Suppose -3*o = 5*y + o - 7306, -2*y = 2*o - 2922. What is the remainder when y is divided by 133?
132
Let d(r) = 38*r**2 + 1406*r + 21. Suppose -t + 3*j - 18 = -3*t, t = 5*j + 22. Calculate the remainder when d(-37) is divided by t.
9
Suppose -15*p = -13*p - 98. Suppose 10*b + p = 139. What is the remainder when 71 is divided by b?
8
Suppose -t + 59*r + 58 = 62*r, -5*t + 323 = 4*r. Suppose -1461 = -3*q + 939. What is the remainder when q is divided by t?
63
Suppose -27*s - 86533 = -8*s - 86571. Suppose 2*q + 3*q - 155 = 0. Calculate the remainder when q is divided by s.
1
Let u(x) = -3*x + 10. Let b(m) = -m + 6. Let z be b(13). Suppose 120*l + 1385 = 125*l. What is the remainder when l is divided by u(z)?
29
Let v(l) = 2*l**2 - 32*l + 63. Let a be 1/((-9)/3)*(-64 + 22). What is the remainder when 35 is divided by v(a)?
0
Let j = 11644 - 11559. Calculate the remainder when 2205 is divided by j.
80
Let b(i) = -3*i**2 - 12 + i + 45 - 14 - 14. Calculate the remainder when 32 is divided by b(0).
2
Suppose 29*b = 4*b + 134 + 466. Suppose 2*v - 144 = 4*q, v + 2*q - 5 = 71. What is the remainder when v is divided by b?
2
Suppose 4*w + 133 = -1419. Let y = 410 + w. What is the remainder when y is divided by 2?
0
Let o(j) = 2*j**3 + 14*j**2 - 11*j + 15. Let c(n) = 8*n - 17. What is the remainder when o(-7) is divided by c(6)?
30
Suppose 661*a - 646*a - 8280 = 0. Calculate the remainder when a is divided by 28.
20
Suppose 0 = 8*s - 363 - 317. What is the remainder when s is divided by (-50)/(-2) + 2 + -3?
13
Suppose 3*w + 5*z - 64 = 2*w, 5*z - 118 = -2*w. Let a = -3244 - -3511. What is the remainder when a is divided by w?
51
Calculate the remainder when 15367 is divided by (-4)/(-5) + ((-73568)/190)/(-11).
31
Suppose -h + 1 = 0, 7*u + 19 = 2*u - h. Let g(y) = 2*y**2 - 4 + 13 - 3*y**2 - 5*y. What is the remainder when g(u) is divided by 8?
5
Let y(a) = -a**2 + 27*a + 23. Suppose -3*t + 117 = -156. Let r = -48 + t. Calculate the remainder when r is divided by y(27).
20
Suppose -2*v = 7 - 71. Suppose -5 = 5*n, -k - 3*k + 4*n + v = 0. Suppose k*r - 6*r = 23. Calculate the remainder when 65 is divided by r.
19
Let r be -9*2/((-10)/5). Suppose 3*u = r*u - 1134. What is the remainder when u/12 + 6 + (-1)/(-4) is divided by 12?
10
Let l(n) = -2*n**2 - 72*n + 146. Let d be l(-38). Suppose -s = s - 52. What is the remainder when s is divided by (d - 168/(-32))*-4*3?
8
Let d = -1162 - -1380. What is the remainder when d is divided by 217?
1
Let p = 4987 - 4596. Calculate the remainder when 1568 is divided by p.
4
Let y(m) = m**3 - 24*m**2 - 51*m - 7. Let a(r) = -2. Let u(t) = 4*a(t) + y(t). Calculate the remainder when 14 is divided by u(26).
3
Suppose 35 = -7*f - 168. Let l be (-3)/(-3) - (1 + 4*f). Let o = -109 + l. Calculate the remainder when o is divided by 3.
1
Let v(q) = 2*q**3 + 77*q**2 - 50*q - 396. What is the remainder when 141 is divided by v(-39)?
9
Let i = 426 - 795. Let c = -345 - i. Calculate the remainder when 131 is divided by c.
11
Let h be (-2)/(-2) - (-14 - 3). Suppose -h = -7*b + 10*b. Let u = b + 15. What is the remainder when 44 is divided by u?
8
Suppose -4*n - i + 5 = -3*n, i + 4 = 2*n. Let x = 105 + n. Suppose -z + b = -3*z + 112, 2*z - x = -2*b. Calculate the remainder when z is divided by 6.
4
Suppose -261 = -5*s - 3*k, 137*s - 276 = 132*s + 2*k. Calculate the remainder when 318 is divided by s.
48
Let s be -11*1*(-3 + 1). Let l = s - -7. Calculate the remainder when 199 is divided by l.
25
Suppose -2*t + 28 = -20. Suppose 84*p - 741 = 603. Calculate the remainder when (t - 0)*(0 - -1) is divided by p.
8
Suppose 114 + 114 = 4*s + 4*b, -233 = -4*s - 5*b. Let x = 58 - s. Suppose 2*w = 5 + 29. Calculate the remainder when w is divided by x.
5
Suppose 1157*z - 1189*z = -3808. Calculate the remainder when 203 is divided by z.
84
Let j = 1 - -1. Let i(n) = -2*n**2 + 37*n - 168. Let w be i(10). Calculate the remainder when (((-4)/w)/j)/((-1)/53) is